0 - 23).
-76
What is -24 + -1 + 9 + (-6 - 0 - -1)?
-21
What is 3 - -46 - ((7 - -9 - 29) + (3 - 1))?
60
76 + (-15 - -47) + -79
29
Evaluate 15 - (7 - (0 + 6) - (15 + -11)).
18
Calculate (150 - 4) + -22 + -7 + 1 + (2 - 6).
114
127 + -49 + (5 - -23) - 13
93
Calculate -8 + (-1 - (-3 - (11 - 8)) - (4 - 37)).
30
Calculate 64 - (54 + (-23 - -38)).
-5
What is -7 + (-5 - -31) + 14 + -9 + -24 + 12?
12
(-10 - 0) + 11 + (1 - (-12 + 10) - -58)
62
What is 9 + 34 + -2 + (-17 - -52 - 33)?
43
Calculate -292 + 300 + 35 + 0 + 6.
49
What is (-28 - (-3 - 3)) + (-32 - -123)?
69
What is -69 - -2 - (9284 - 9276)?
-75
What is 8 - (54 + 4 + -21 + 30)?
-59
What is the value of -13 + -1 + -30 + (57 - 16) - (4 + -3)?
-4
Calculate (27 - (0 - 1) - -2) + (59 - -89 - 141).
37
Calculate (19 - ((0 - -1) + 13)) + (-2 - (-3 - 5)).
11
(16 - 8 - -73) + (-2 + 7 - 2 - 0)
84
Evaluate -11 + 44 + -5 + 0 + -9 + (10 - -5).
34
-9 - -7 - (-13 + -20 - -8)
23
What is 0 - (6 - ((-91 - (4 - -2)) + -11 + 5))?
-109
Evaluate 11 - 17 - -4 - (-3 + 4 - 5 - 32).
34
(-31 - 1) + -146 + 168 + -50 + -1 - -1
-60
(-78 - -62) + 31 - -36
51
Evaluate -42 + 43 - (-4 + 4) - (49 - (-5 + 2)).
-51
What is the value of (-75 - -1) + 3 + 12 + -13 + (239 - 243)?
-76
Evaluate 26 + -179 - (-629 + 528).
-52
Calculate (4 - (9 - (18 - 9))) + (-1 - 12).
-9
What is 0 + -13 - (-21 + -32 - (21 - 56))?
5
What is 22 - (1 - 1 - (62 - 37))?
47
Calculate -97 + -9 + (57 - -25).
-24
-13 + (115 - 141 - (-7 + (0 - -6)))
-38
16 + 14 + (-20 - -6 - -18) + -68
-34
Calculate -24 + (-7 + (-19 - -10) - -17).
-23
(23 - 48) + (85 - 33)
27
(-9 - -28) + (28 + -90 - -5)
-38
Evaluate -22 + -2 + (-31 + 15 + 27 - -55).
42
10 - ((1150 - 1169) + 22 + 2 + -5)
10
(39 - (26 - 22)) + -52
-17
Calculate (20 - (-8 - (2 - 16))) + -13 - (2 - -4).
-5
What is 61 + (-21 - (-10 + -7)) + -12?
45
Calculate (1300 - 1317) + 0 + 4 + -36.
-49
Calculate 33 - (-11 + -8 - -59).
-7
Calculate (11 - -15) + 78 + -131.
-27
Calculate -2 - (-1 + -22) - (-24417 - -24427).
11
What is the value of (-21 - 97) + (-81 - -94)?
-105
What is the value of 0 + -5 - ((116 - 68) + 6 + (-11 - 8))?
-40
Calculate 9 - (-214 + 224 + (-25 - (0 + 2)) - -5).
21
What is the value of (52 - -18) + (-2 - 10 - -2 - -26)?
86
What is the value of -7553 + 7563 + (-52 - (0 - -2))?
-44
What is (-129 - (-126 - 7)) + (0 - -73)?
77
Calculate 41 - (-228 + 140 + 260).
-131
Evaluate (-1 - 19) + -5 + (-36 - -94).
33
38 + (86 - 18) - ((1 - 5) + (-5 - -7))
108
Evaluate 1 + 175 - (25388 - 25241).
29
What is 8 - (-8 + 1 - -8) - (-14 - -30)?
-9
30 + (10 - (20 + (-2 - 2)))
24
What is the value of 107 + -84 + 9 + -74?
-42
(1 - 67 - -4) + 41
-21
What is -59 - (61 + -129) - (-33 + 3 + -6)?
45
What is -73 + -2 + 5759 + -5666?
18
What is the value of (16602 - 16610) + (0 - 57)?
-65
What is the value of (-139 - -130) + 99 + -18?
72
What is (-21 - (-18 + 3 + 12)) + -14?
-32
What is the value of -4 - (-2 + -18 - -50 - 21)?
-13
-36 + (-36 - (-81 + -37)) + -15
31
What is the value of 2 + -23 + -42 + 64?
1
What is 6 + -2 + (-54 - -31) + 4?
-15
(5 - (7 + (-3 - -5))) + 96 + -73
19
Calculate -8 - (-67 - (-68 + 65)).
56
-11 + -11 + 2 + (-6 - -19) + 31
24
What is the value of -22 + 17 + (-1 - 4) + 5 - 61?
-66
Evaluate -3 + -15 + 0 - (34 + -57 + 12).
-7
What is the value of 90 + (-67 - (-14 + 7))?
30
What is -50 + 70 - -98 - (-1 + 4)?
115
(0 - -62) + (-781 - -724)
5
What is (67 - 6) + 1465 + -1460?
66
Evaluate (-45 - 13) + 36 + 27.
5
-126 - 5 - -56 - -28
-47
What is (10 - (-2 + -3)) + -65 - -6?
-44
What is the value of 1 - 0 - (37 + -51 - -47)?
-32
What is the value of 12 - (-7 + 11) - (1199 + -1188)?
-3
-9 - -14 - (-122 - -118)
9
Calculate -87 - (29 + -49 + 7 + 0 + -6).
-68
Evaluate 10 + (-51 - (-132 - -88)).
3
Calculate -47 - (-14 + -60 + 90).
-63
What is the value of 93 + 2 - ((48 + -60 - 40) + 35)?
112
Evaluate -9 + -23 + -18 + (25 - 12) + -2 + -1.
-40
What is the value of 2 + -32 + -616 + 587?
-59
1627 + -1559 - (0 + 129)
-61
Evaluate (-66 - 50) + 74 - (-6 + 1).
-37
Evaluate 75 + 23 + -106 + -82.
-90
What is the value of (-3 - 1 - -121) + (-35 - -19) - 19?
82
Evaluate -52 - (48 + -110) - -23.
33
Evaluate 9 + ((-21 - -25) + -72 - -1).
-58
Calculate 18 - (-36 + (26 - 3 - 20)).
51
-5 - (14 + -18 + -68 + -8 - 7)
82
Evaluate 16 - (8 - (24 + -40)) - (-12 + -1).
5
What is the value of 11 - (-30 + (-11 + 14 - 7) + 8)?
37
Evaluate -25 + 55 - (-57 + 59).
28
What is (192 - 181) + -3 + 5 + 3?
16
Evaluate 25 + -2 + (-108 - -24) - 3.
-64
(-28 - (-10 - 6)) + 16 + 0 + (9 - -2)
15
What is (-4 - -10) + -14 + -1?
-9
What is -7 - -2 - (20 - (4 - 17 - -33 - 105))?
-110
What is the value of (-4 - (-41 - -21 - -9)) + -18?
-11
(-31 - -20 - (5 - -4)) + 12 - (-67 - 0)
59
What is the value of 34 + (-11 - -36 - 47) - 48?
-36
-5 + 2 + -9 - (-9 + 7 + -2)
-8
Evaluate -27 + 6 + -61 + 33.
-49
What is the value of -32 - (41 + -31 + 53 + -29)?
-66
What is the value of (-12 - 103 - -5) + 128?
18
(-18 - -15) + (-6 - (26 + -55))
20
What is 5 - (33 - (96 - 50)) - (1 + 98)?
-81
Evaluate 2 - (-7 + (-1 - -6) + (-178 - -311)).
-129
Evaluate (74 + 19 - 54) + 26.
65
What is -2 - -5 - ((60 - 57) + (-3 - -2) + 115)?
-114
Calculate -89 + -52 + 64 - -34.
-43
What is the value of -3 + 29 + -45 + 4 + 20?
5
31 + -68 + 9 + 5 + -55
-78
What is 108 + (182 + -86 - 139)?
65
Evaluate 135 - (21 - 12 - -10 - (-18 + 48)).
146
Calculate -776 + 856 - (-7 - 7 - -6).
88
-41 + 16 + 17 + -12
-20
20 + -56 - (34 + -38)
-32
Calculate 3 - (7 - 16 - (-4 + -34)).
-26
Evaluate 1313 + -1326 - (-2 + 5 + -1 + -2 + 119).
-132
What is the value of 16 - (-2 + 3 - 0 - (124 - 124))?
15
Calculate (-302 - -374) + (-157 - 38).
-123
Calculate -54 + (14 - (-6 - -4)) + -8 + 3.
-43
(-51 - 15) + 117 - ((2 - 0) + 1)
48
Evaluate 10 + (-19 - 1) + -26 + 18 + -34 + 13.
-39
-633 + 607 + (-2 - (-3 - -3))
-28
What is -1 + -14 - (2045 + -2000 + (1 - -23))?
-84
What is (2 - -2 - 4 - -8 - -6 - 6) + -49?
-41
Evaluate 9 + 29 - (-119 - -158).
-1
What is (-91 - -32) + 2 + (10 - (6 + 0))?
-53
Evaluate -15 - (-4 - -6) - (5 - -6) - -4.
-24
What is the value of (777 - 817) + 4 + 6?
-30
Evaluate 3 - ((-6 + -5 - -5) + 57 + (-9 - -8)).
-47
103 + -1 + (-109 - -41) + 43
77
Calculate 542 - 555 - (-15 - (5 - 8)).
-1
Evaluate (0 - (5 - -3)) + -6 + 92 + -10.
68
Calculate 2 + 11 + 10 + -1 + -105 + 70.
-13
Calculate 3 + -991 + 999 + -1 + -1.
9
What is -3 + (17 - -5) + -17?
2
What is the value of 2 - 5 - -80 - (16 + -12 + -16 - -19)?
70
What is the value of (4 - 1 - 2 - (-1321 - -1405)) + 17?
-66
Calculate 38 - 60 - -5 - (-1 + 63).
-79
-10 + (-30 - (-18 - -6))
-28
(-20 - (95 + -35)) + 56
-24
Calculate 12 + -49 + 97 + 6.
66
What is (70 - -8) + -18 + -45?
15
(13 + 19 - 8 - 28) + 40
36
Calculate (17 - (-16 + 21)) + (52 + -5 - 0).
59
What is (-6 - (3 + -5)) + 20 + -62 + 50?
4
What is the value of -22 - (85 + -50) - -70?
13
What is the value of (-159 - (-108 + -7)) + 136?
92
Evaluate 10 + (-2 + -4 + 3 - 9) - (15 + 14).
-31
What is the value of (25 - (-2 + 7 + 9)) + (-6 - -4) + 78?
87
Calculate (-14 - -110) + -19 + (-23 - 5).
49
Evaluate -248 + (-9 - -7) + 103.
-147
What is the value of (23 - 3 - (33 + 5)) + 4 + 13?
-1
Evaluate (-3 - 72) + 67 + (-3 - -2).
-9
Calculate 378 - 376 - (-3 + -4 + (1 - 3)).
11
What is the value of 9 - (-24 - -4 - (-5 - (-10 + 13 + -1)))?
22
What is (-17 - 132) + 135 + 1 + -75 + -3?
-91
42 + -3 - (-2894 + 2923)
10
-1 + -7 + (23 - (35 - (-49 - -74)))
5
Evaluate 23 + 20 + -60 + (-7 - -21).
-3
Calculate -57 + (-2 - 20) + -7 + 11 + 11.
-64
What is -9 + 40 + -24 + -5 + 5 + 25?
32
Evaluate 5 - (7 - -21) - (-36 - 14 - 61).
88
-5 - 3 - (681 + -557 - (1 + 8 - 1))
-124
What is 0 + (4 - 46) + (-27 - -67) + -28?
-30
Evaluate (29 - (-22 - -40) - 17) + -32.
-38
What is the value of (15 - (-36 - -47)) + (-5 + 12 - 4)?
7
Calculate -4 + (-1 - 6) + 6 + -47 + (0 - 4).
-56
-33 + -10 + -73 + (-1 - -21)
-96
What is 54 + -41 + 24 + (0 - -2) + (0 - 2)?
37
Calculate (-4 - (-23 + -29)) + 5.
53
What is the value of (13 + -6 - 2 - -2) + 2 + 39 + -6?
42
What is (36 - (17 - 3)) + (-32 - 43)?
-53
18 + -1 + -21 + (175 - 82) + -48
41
What is the value of 24 - (-44 - -73) - (1 + 21) - -10?
-17
What is (-25 - -2) + -31 + 76 + 3?
25
Evaluate (46 - -2) + (12 - 1) + -37 + 13.
35
-167 + (9 - -111) - (-4 + 2)
-45
40 + -7 + (-26 - -17) + 2 + 3
29
Calculate 4 + 9 - ((-25 -